s i(-4)?
-319
Let v(u) = 2*u**3 - 137*u**2 + 456*u - 241. Give v(65).
-176
Let k(h) = 2*h**3 - 268*h**2 - 31*h + 4045. What is k(134)?
-109
Let r(o) = 1371*o + 6557. Determine r(-4).
1073
Let d(v) = -2*v**3 + 96*v**2 - 194*v + 429. Give d(46).
-31
Let v(p) = 6122*p + 1475482. Give v(-241).
80
Let w(b) = 2*b**3 - 6*b**2 + 3458*b - 10348. Calculate w(3).
26
Let a(p) = 45*p**2 + 7107*p - 44774. Give a(-164).
-2
Let z(c) = 60390*c + 1509607. Give z(-25).
-143
Let v(n) = -3*n**2 - 149*n - 2039. Determine v(-25).
-189
Let l(m) = -2*m**3 - 12*m**2 + 103*m - 10. What is l(5)?
-45
Let o(n) = -n**2 - 3542*n + 136001. Give o(38).
-39
Let m(l) = -l**3 - 9*l**2 + 193*l + 306. Calculate m(11).
9
Let l(m) = 2571*m**2 - 33422*m - 59. Determine l(13).
-46
Let f(s) = -1427*s + 1305. Determine f(2).
-1549
Let r(h) = -h**3 - 20*h**2 + 21*h - 241. What is r(-11)?
-1561
Let m(c) = -55*c**2 - 31*c + 204. Give m(6).
-1962
Let s(w) = -18277*w - 1078381. Calculate s(-59).
-38
Let u(s) = 8*s**3 - 134*s**2 - 557*s + 8800. Give u(17).
-91
Let k(b) = b**2 + 56*b - 2426. Give k(-84).
-74
Let g(z) = -z**3 - 29*z**2 + 31654*z - 295. Calculate g(164).
33
Let m(g) = -379*g**3 + 188362*g**2 + 505*g - 3970. Determine m(497).
6
Let c(i) = 1028*i + 156. Give c(1).
1184
Let q(p) = 451*p + 409. What is q(2)?
1311
Let b(g) = -150*g**3 + 8*g**2 + 107*g - 231. Determine b(2).
-1185
Let m(f) = -303*f**2 + 13933*f + 227. What is m(46)?
-3
Let p(b) = -127*b - 16002. What is p(-130)?
508
Let x(f) = -2*f**3 - 23*f**2 - 610*f - 10703. Give x(-15).
22
Let x(i) = -117*i**3 + 3*i**2 + 4*i - 8. Calculate x(1).
-118
Let k(z) = 6*z**3 + 89*z**2 + 25*z - 387. Calculate k(-14).
243
Let d(y) = -2820*y - 29479. What is d(-10)?
-1279
Let o(u) = -515*u**2 - 2133*u - 105. Calculate o(-4).
187
Let y(c) = -5*c**3 - 5225*c**2 - 5208*c + 12516. Determine y(-1044).
-12
Let p(b) = -371125*b - 371131. Determine p(-1).
-6
Let x(h) = 2*h**2 + 1212*h - 30113. Calculate x(24).
127
Let g(l) = -l**2 - 60*l + 3143. Determine g(-79).
1642
Let k(b) = 1039333*b - 4. Give k(0).
-4
Let y(c) = -c**3 - 39*c**2 + 1270*c - 224. Give y(21).
-14
Let h(o) = 4*o**2 - 55003*o - 220077. Calculate h(-4).
-1
Let x(q) = -363*q + 2262. Determine x(6).
84
Let g(n) = -n**3 - 109*n**2 - 2162*n - 235774. Determine g(-109).
-116
Let v(g) = -g**3 + 116*g**2 + 664*g - 77020. What is v(116)?
4
Let i(q) = -78579*q - 5972025. Determine i(-76).
-21
Let a(h) = 1864*h - 119152. Determine a(64).
144
Let g(c) = 2*c**2 - 6469*c + 436838. What is g(69)?
-1
Let z(o) = 2262*o + 81793. Determine z(-36).
361
Let i(a) = a**3 - 15*a**2 + 490*a - 8727. Calculate i(17).
181
Let p(l) = -45*l - 7180. Give p(-160).
20
Let g(h) = 1588*h - 26237. Determine g(15).
-2417
Let n(i) = i**3 + 943*i**2 + 9347*i + 185. What is n(-10)?
15
Let u(i) = 976261*i + 10738922. Calculate u(-11).
51
Let n(l) = 2*l**2 + 164*l + 2555. Give n(-76).
1643
Let t(s) = -3256*s - 136751. What is t(-42)?
1
Let o(s) = 4241*s + 33885. What is o(-8)?
-43
Let r(x) = -63*x**2 - 2957*x + 178. Determine r(-47).
-10
Let p(g) = 221*g + 30267. What is p(-136)?
211
Let r(h) = 9*h**3 - 962*h**2 - 101*h - 15. Give r(107).
627
Let y(p) = -4258*p + 498191. What is y(117)?
5
Let i(q) = -q**3 - 29*q**2 + 107*q + 482. What is i(-31)?
-913
Let w(c) = -13004*c - 1625490. Give w(-125).
10
Let k(y) = -3*y**2 + 2955*y - 26597. Calculate k(9).
-245
Let m(g) = -5*g**2 + 2481*g - 14873. Determine m(6).
-167
Let m(c) = -c**2 - 100*c - 2311. Calculate m(-57).
140
Let i(l) = 27092*l + 81280. Give i(-3).
4
Let q(r) = 3114*r**2 + 15600*r + 56. Give q(-5).
-94
Let c(h) = 1102*h - 262281. Give c(238).
-5
Let y(g) = -4*g**2 - 5554*g - 38674. Determine y(-7).
8
Let y(z) = -23189*z - 115923. Give y(-5).
22
Let n(a) = -192*a - 44976. Determine n(-234).
-48
Let i(r) = 737*r - 42332. Give i(53).
-3271
Let s(p) = p**3 + 2337*p**2 - 49448*p - 1469. Calculate s(21).
1
Let y(x) = -x**3 + 63*x**2 - 858*x + 59163. Calculate y(64).
155
Let y(l) = -l**2 - 9904*l + 678178. Calculate y(68).
82
Let q(x) = -441*x + 105018. Calculate q(238).
60
Let u(w) = -3*w**3 + 401*w**2 + 131*w + 530. Calculate u(134).
128
Let b(g) = 13444*g + 13450. Determine b(-1).
6
Let r(j) = -1216*j - 244417. Calculate r(-201).
-1
Let j(z) = -220*z + 9164. Calculate j(46).
-956
Let c(f) = 549*f - 83152. Determine c(152).
296
Let q(a) = -689*a - 34791. Determine q(-46).
-3097
Let z(j) = -566*j + 11824. Calculate z(18).
1636
Let c(r) = 6*r**2 - 1016*r - 196. Determine c(167).
-2534
Let k(z) = 3*z**2 - 803*z + 37229. Calculate k(208).
-3
Let k(o) = o**2 - 605*o - 470252. What is k(-447)?
-8
Let j(o) = -1134*o - 160997. Determine j(-142).
31
Let o(a) = -1791*a - 23064. Give o(-12).
-1572
Let o(h) = h**3 - 2*h**2 - 756*h - 733. Give o(29).
50
Let z(p) = -28*p**3 + 340*p**2 - 42*p - 83. Calculate z(12).
-11
Let q(r) = 3740*r - 2756386. Determine q(737).
-6
Let s(g) = 2*g**3 - 345*g**2 - 881*g + 1057. Calculate s(175).
7
Let k(g) = 17*g**2 - 8*g + 50. Give k(0).
50
Let i(x) = x**2 - 966*x - 17595. Calculate i(-18).
117
Let p(m) = -315*m + 18533. Calculate p(59).
-52
Let t(p) = 21*p**2 + 1477*p + 1913. Calculate t(-69).
-19
Let y(h) = h**3 - 21*h**2 - 120*h + 3281. Calculate y(23).
1579
Let s(l) = 22*l**2 + 975*l - 14865. Calculate s(12).
3
Let u(o) = 2567*o - 59027. Determine u(23).
14
Let n(p) = p**2 - 3298*p + 136739. Give n(42).
-13
Let k(y) = -y**3 + 12*y**2 + 121*y - 548. What is k(-14)?
2854
Let h(z) = -6459*z + 83971. Give h(13).
4
Let t(i) = 17*i**2 + 974*i + 13825. Determine t(-26).
-7
Let v(m) = 568*m - 11327. What is v(20)?
33
Let a(m) = 1988*m + 550346. Determine a(-277).
-330
Let j(q) = -65*q**2 + 2699*q + 4155. Calculate j(43).
27
Let m(v) = -v**2 + 2944*v + 1055273. Give m(-323).
32
Let h(p) = 7*p - 842. Determine h(33).
-611
Let l(m) = -5*m**2 + 3446*m + 48431. What is l(-14)?
-793
Let n(q) = q**3 + 261*q**2 + 2036*q + 3167. What is n(-253)?
131
Let k(i) = 68*i**2 - 359*i - 1103. Give k(-3).
586
Let s(p) = 30*p + 2815. Determine s(-82).
355
Let s(z) = -z**3 + 178*z**2 - 202*z + 4522. What is s(177)?
97
Let u(k) = -926*k - 8391. Determine u(-9).
-57
Let b(n) = -18*n**2 - 1193*n - 2287. Calculate b(-2).
27
Let o(d) = 14047*d - 42178. Determine o(3).
-37
Let d(j) = -1499*j + 32991. Calculate d(22).
13
Let o(q) = -107*q + 7094. What is o(67)?
-75
Let j(x) = -268012*x + 268022. What is j(1)?
10
Let s(i) = i**2 + 9532*i + 209103. Calculate s(-22).
-117
Let f(p) = -211*p + 4796. Calculate f(29).
-1323
Let v(r) = r**2 + 99*r + 3509. Give v(-37).
1215
Let w(o) = -o**3 + 6*o**2 + 50*o + 41. Calculate w(-5).
66
Let u(g) = g**3 - 57*g**2 + 285*g + 131. Give u(6).
5
Let h(u) = -2*u**3 + 15*u**2 - 58*u + 31. Calculate h(3).
-62
Let t(f) = 42*f**3 + 273*f**2 - 31*f - 156. Give t(-4).
1648
Let y(x) = -354304*x - 19486716. Give y(-55).
4
Let n(x) = -3*x**3 + 40*x**2 - 44*x - 53. Calculate n(0).
-53
Let f(t) = 205*t - 19062. Determine f(93).
3
Let a(q) = 5*q**3 + 2*q**2 + 20*q - 22. Calculate a(6).
1250
Let s(w) = 2*w**3 - 7*w**2 - 22147*w - 208. Determine s(107).
6
Let j(l) = 28*l**3 - 4*l**2 + 11*l - 5. Give j(1).
30
Let w(c) = -c**3 + 52*c**2 - 2071*c + 98518. What is w(50)?
-32
Let m(l) = 5*l**3 - l**2 + 51*l + 184. What is m(-3)?
-113
Let l(b) = -16*b**2 - 12850*b - 534413. What is l(-44)?
11
Let a(r) = -12696*r - 558597. Determine a(-44).
27
Let h(n) = n**3 - 9*n**2 - 193*n + 235. What is h(16)?
-1061
Let k(s) = -969*s**3 - 5*s**2 - 62*s + 67. Determine k(1).
-969
Let u(o) = -31*o**2 - 1203*o - 4127. What is u(-35)?
3
Let x(p) = -p**3 - 260*p**2 - 9679*p - 215. Determine x(-45).
-35
Let j(v) = 222*v**2 + 99*v + 138. Calculate j(-2).
828
Let g(t) = -2*t**3 + 26*t**2 + 64*t + 50. What is g(15)?
110
Let a(z) = -597*z - 6025. What is a(-10)?
-55
Let b(k) = -4*k**3 - 126*k**2 - 97*k - 88. Give b(-30).
-2578
Let v(w) = -153*w**2 - 10958*w + 4185. What is v(-72)?
9
Let n(m) = -m**3 - 5*m**2 + 24*m - 83. Determine n(-8).
-83
Let w(h) = h**3 + 515*h**2 + 1514*h - 11369. What is w(-512)?
-105
Let m(z) = -z**3 - 162*z**2 - 6566*z - 410. Calculate m(-81).
-5
Let w(c) = -4*c**2 + 28*c + 409. Determine w(-16).
-1063
Let x(s) = -3*s**3 - 185*s**2 - 1970*s - 15. Give x(-48).
81
Let a(z) = -z**2 + 79*z - 601. Determine a(70).
29
Let a(w) = -w**3 - 47*w**2 - 539*w + 232. Give a(-22).
-